lse
Is (-3)/(((-18)/(-435))/(-2)) a multiple of 29?
True
Let j(u) = -8*u + 8. Does 8 divide j(-3)?
True
Suppose 2*i = -i. Suppose 114 = 3*v - 3*n, i = -n - 1 + 2. Is v a multiple of 11?
False
Suppose 0 = 12*s - 1014 - 1530. Is 32 a factor of s?
False
Suppose x + 51 = a, -4*x + 4 = -0. Let y = -5 + 9. Suppose 0 = -y*u - n + a, u = -2*n + n + 10. Is 5 a factor of u?
False
Let l = -6 - -10. Suppose 2*g - 16 = l*o, -5*o + 7 - 24 = -4*g. Let p = 4 - g. Does 3 divide p?
True
Let r(g) = -g - 4. Let s be r(9). Let m = 31 - s. Is m a multiple of 22?
True
Does 41 divide 2/6 - 1966/(-6)?
True
Is 3/(-4)*(-3 + -109) a multiple of 7?
True
Let d be (6/12)/(2/(-12)). Let h be -10 - (-1)/1*-2. Does 5 divide 20/h*1*d?
True
Suppose -214 = -0*h - 2*h - 2*g, 5*h + 3*g - 537 = 0. Suppose b + p = 37, -5*b + 5*p = -67 - h. Is b a multiple of 18?
True
Let d(z) = -z**2 - 10*z - 8. Let o be d(-7). Suppose p - 11 = -3*x + x, -2*p + 32 = 2*x. Let t = p - o. Is t a multiple of 8?
True
Suppose -161 - 58 = -3*u. Does 16 divide u?
False
Suppose -6*g = -6 + 18. Let k(d) = -3*d + 4. Does 2 divide k(g)?
True
Let a(k) = k**2 - 20*k - 19. Let d be a(18). Let c be (182/4)/(2/4). Let g = d + c. Does 18 divide g?
True
Let o(b) = -b**3 - 7*b**2 + 2. Let h be o(-7). Suppose g + h*g = 57. Is 12 a factor of g?
False
Suppose 3*q + u + 10 = 4*q, -2*q + 32 = -5*u. Suppose 2*y = -0*y + q. Suppose -9 - 18 = -y*z. Is z a multiple of 9?
True
Suppose -3*d = -7*d - 24. Let l(f) = f**3 + 7*f**2 + 5*f - 4. Let a be l(d). Is -6*a/(-4) + 1 even?
True
Let t be (0 + -3)*(4 + -5). Is 14 a factor of 14/(t - (-8)/(-4))?
True
Let m(h) = 2*h**2 - h - 1. Let z = -1 + 3. Let f be m(z). Suppose 0 = 5*c + 3*y - 2 - 3, f*c = y + 25. Is 3 a factor of c?
False
Let k(x) = x + 1. Let v(j) = j + 1. Let q(d) = -k(d) + 2*v(d). Is q(2) a multiple of 2?
False
Suppose u = 5*x - 135, 20 = -5*x - u + 145. Is 3 a factor of x?
False
Suppose -3*f + 120 = -g - 2*g, 6 = 3*g. Is 14 a factor of f?
True
Suppose 4*p - 3*t + 14 - 45 = 0, -12 = -4*t. Does 5 divide p?
True
Let k(w) = 5*w - 5. Let n(h) = -26*h + 25. Let i(p) = 11*k(p) + 2*n(p). Is 2 a factor of i(4)?
False
Let q(v) = 2*v**2 - 1. Let w be q(1). Let b = w + 3. Suppose -5 = i + 2*y - 13, -b*i = -2*y - 82. Is i a multiple of 12?
False
Suppose 2*y = -4*u + 123 + 49, 0 = -4*u + 4*y + 196. Suppose -4*t + 5*b + u = 0, 2*t + 3*b = 4*b + 27. Let g = 45 - t. Does 16 divide g?
False
Suppose -p + 3*w - w + 90 = 0, -4*p = -4*w - 348. Is p a multiple of 21?
True
Let i = -6 + 3. Does 22 divide i/(30/44)*-5?
True
Suppose -f - 4*f = 0. Suppose f = -3*q - 2*q - 70. Does 6 divide 0 - (q + 4/2)?
True
Suppose 5*v + 8 = 2*q + 31, -v = q + 1. Suppose v*k - 57 = -0*k. Does 9 divide k?
False
Let j(h) be the third derivative of -h**7/1260 + h**6/180 + h**5/60 + 2*h**2. Let g(s) be the third derivative of j(s). Is 16 a factor of g(-4)?
False
Suppose -4*k + 15 - 3 = 0. Let q = k - 0. Does 3 divide q?
True
Let l be (-1)/(-3) + (-236)/6. Let p = -65 - l. Let s = p - -37. Does 11 divide s?
True
Suppose 333 - 113 = 2*b. Is 37 a factor of b?
False
Suppose 4*k + 28 = 3*m, 14 = 4*m - 2*k - 10. Suppose -m*n + 5*n + 3*u = 9, 2*n = -5*u + 16. Suppose -n*j + 0*j - 6 = 0, -4*y - j + 70 = 0. Is y a multiple of 9?
True
Let s(o) = 2*o**2 + 10*o + 7. Let f = -10 - -4. Is 19 a factor of s(f)?
True
Suppose -8 = -4*x - 5*s, 2 + 0 = x + 5*s. Let l = 1 + -1. Suppose x*i - i - 11 = l. Is i a multiple of 8?
False
Suppose -184 = -4*q + 3*y - 5*y, y = -q + 47. Is 15 a factor of q?
True
Suppose -3*h - 2*h = 115. Let l be 1/(182/90 + -2). Let k = h + l. Does 11 divide k?
True
Let g(q) = -2*q**2 + 7*q - q + 8 + q**2. Let k be g(8). Let b(l) = l**2 + 7*l + 10. Is 18 a factor of b(k)?
True
Does 22 divide (1 - 0)*48 + -4?
True
Let s(f) = 2*f + 1. Let m(i) = -i - 1. Let z(g) = -5*m(g) - 2*s(g). Does 9 divide z(6)?
True
Let g be 110/15 - (-2)/(-6). Does 8 divide (g/(-3))/(1/(-9))?
False
Let y = 35 + -9. Is 13 a factor of y?
True
Let k = 34 + -19. Does 3 divide k?
True
Let j(n) = 7*n**2. Let k be j(-2). Is 63/k*(1 - -11) a multiple of 6?
False
Let z = 3 + 0. Suppose -5*x - 15 = 0, -z*y - 6*x + 4*x + 114 = 0. Does 11 divide y?
False
Let d(m) = -m**3 + 12*m**2 - 5*m - 15. Is 17 a factor of d(11)?
True
Let i = -2 + 5. Is 11 a factor of ((-3)/(-2))/(i/66)?
True
Let p(v) = v**3 - 2*v**2 - v - 2. Let y be p(3). Suppose 4 = -y*d + 16. Suppose -5*c + 68 = -d*c. Is c a multiple of 12?
False
Let s(x) = x - 6. Let r be s(6). Let f(j) = -4 + r*j**2 - 2*j**2 - 4*j - 3*j**2 - j**3. Is f(-5) a multiple of 13?
False
Let j(n) be the second derivative of 1/6*n**4 + 0 - 1/6*n**3 + 3/20*n**5 + 0*n**2 - n. Does 15 divide j(2)?
True
Let g(y) = 6*y**3 - y + 3. Let p be g(-3). Does 26 divide (-3)/(165/p - -1)?
True
Let l(x) = x**3 + 2*x**2 - 4*x - 1. Let z be l(-5). Let n = -24 - z. Is n a multiple of 8?
True
Let g(t) = -t - 1. Let n be g(-3). Suppose n*r + u = 16, -3*r + 24 = -r + 5*u. Is 4 a factor of r?
False
Let x = 42 + -26. Is x a multiple of 15?
False
Let k(g) = -g**2 + 11*g + 11. Let z be k(13). Is 9 a factor of ((-9)/z)/(1/45)?
True
Let a(s) = -s. Let j be a(-2). Suppose j*x - 17 = 61. Does 10 divide x?
False
Suppose -2*q = z + 1, 4*z + 0 = 5*q + 22. Suppose 4*c + 5*y - 65 = c, -z*c = -2*y - 58. Is 12 a factor of c?
False
Let d = 47 + -1. Is 16 a factor of d?
False
Let u(h) = h**3 + 4*h**2 + 3*h + 1. Let o be u(-3). Let w(y) = 29*y + 1. Does 15 divide w(o)?
True
Let p(d) be the third derivative of d**5/20 + d**3/6 - 3*d**2. Let z = -1 + 3. Is 13 a factor of p(z)?
True
Suppose -104 = -2*d - 0*v + 2*v, -3*d + 4*v = -160. Is d a multiple of 8?
True
Suppose -2*b - 3*j = -2*j - 6, 3*b - 18 = 3*j. Suppose 0 = -q + 4*q. Suppose b*o + 3 + 5 = q, 25 = 5*v + 5*o. Does 4 divide v?
False
Suppose -3*c + 16 = -2. Is 6 a factor of c?
True
Let p(r) = r**2 + 4*r + 43. Is 12 a factor of p(-5)?
True
Let w(i) = 3*i + 20. Does 25 divide w(10)?
True
Let j(z) = z**3 + 3*z**2 - 4*z + 2. Does 14 divide j(2)?
True
Let k = -10 + 8. Let g be k/3*(-153)/3. Suppose 3*n = -4*y + g + 9, 2*y = -n + 21. Is y a multiple of 10?
True
Let z = 16 + -11. Does 5 divide z - 3 - (-3 + 0)?
True
Suppose -228 = -0*d - 2*d. Suppose d = 3*s - 3*o, 4*s - 107 = 3*o + 48. Does 10 divide s?
False
Suppose j - 153 = 15. Is j a multiple of 24?
True
Does 20 divide 267/6 - 2/4?
False
Let b = 15 - 3. Does 12 divide b?
True
Let m be 6 + 0 - (-9)/(-3). Suppose 0*x - 77 = -m*z - x, 4*z - 5*x = 71. Does 12 divide z?
True
Suppose 4*r - 3*l = 444, 4*l + 12 = l. Let d = r + -42. Does 18 divide d?
False
Let q = -11 + 107. Does 10 divide q?
False
Let j(w) = -w + 5. Let h be j(0). Suppose 0 = g - 3*x - 6 - 9, g - h*x = 21. Suppose -g = 2*z - 28. Is 11 a factor of z?
True
Suppose 0 = 5*m + 80 - 20. Does 29 divide m*(-29)/(-4)*-1?
True
Let g(n) be the second derivative of -n**5/20 - 2*n**4/3 - 11*n**3/6 - 9*n**2/2 + 4*n. Is g(-7) a multiple of 12?
False
Let a be -4 - -8 - -1*1. Let o(n) = 3*n**2 - 2*n - 7. Is 21 a factor of o(a)?
False
Suppose 5*l = 5 + 20. Suppose -54 = -2*c - 5*d, -152 = -4*c - 4*d + l*d. Does 17 divide c?
False
Let l = 11 + -8. Suppose -4*i + 2 = -n, -i + 4*n + 8 = -4*i. Let f = i + l. Is f a multiple of 2?
False
Let n(o) = -64*o. Let k be n(-1). Let p(v) = 2*v**2 + 4*v + 3. Let d be p(-2). Suppose y = d*y - k. Is 15 a factor of y?
False
Suppose -2*a + 4*b = 12, -1 = -b + 2. Is 2*(a - 1) + 26 a multiple of 12?
True
Suppose 168 + 92 = 13*l. Does 9 divide l?
False
Suppose 2*r + 12 = 3*z + z, -3*z + 15 = -3*r. Let m be (-101)/r - (-1)/(-4). Suppose 2*h + 3*c - 90 = -34, 3*c = -h + m. Is h a multiple of 11?
False
Let m(s) = s**3 - 4*s**2 - 8*s + 5. Let n be m(6). Let h = n - 19. Is 8 a factor of 4/(2*1/h)?
False
Is 5 a factor of 30/(-9)*6/(-4)?
True
Let c(h) = h**2 + 2*h. Let m be c(-3). Suppose 0 = -m*d - 2*q - 166, d + 65 = 2*q + 15. Let w = d + 91. Is 12 a factor of w?
False
Let g(r) = 7*r**3 + 4*r**2 + r - 2. Is g(2) a multiple of 18?
True
Let s = 123 + -185. Suppose -3*q - 98 = -4*b, -q + 0*b - b = 35. Let z = q - s. Does 14 divide z?
True
Let l = 0 + 6. Let m(j) = 3*j**2 - 7*j - 8. Is m(l) a multiple of 15?
False
Suppose -465 = -4*r - r. Suppose 3*g - r = 2*m, m - 171 = -5*g - m. Is g a multiple of 16?
False
Suppose 29 + 61 = 5*o. Does 6 divide o?
True
Let n = 6 - 3. Is 9 a factor of ((-1